= 153 + -217. Calculate the remainder when 31 is divided by o/(-6) + (-6)/(-18).
9
Let n(f) = f**2 + f + 5. Let c be n(0). Let u be (9/15)/(1/c). Suppose 17 = 2*o + u. Calculate the remainder when 20 is divided by o.
6
Let t(z) be the first derivative of -z**3/3 + 5*z**2/2 - 3*z - 1. Let h be t(4). Calculate the remainder when 25/h + 8/(-4) is divided by 8.
7
Suppose o + 2*o + 21 = 3*s, 7 = -2*s - 5*o. Calculate the remainder when 21 is divided by -16*s/((-16)/3).
9
Let b(k) = 2*k**2 - 2*k. Let p be (4 - 3) + (2 - 1). Let a be b(p). Suppose -a*g = -5*g + 14. Calculate the remainder when g is divided by 8.
6
Let z(c) = 4*c**2 + 9*c + 4. Let h be z(-6). Suppose 2*n - 2 = 0, -3*n + n = 2*f - h. Calculate the remainder when f is divided by 12.
10
Let q = -60 + 94. Suppose 1 = -3*h + 4*h. Suppose -z + 11 + h = 0. Calculate the remainder when q is divided by z.
10
Let d = 163 + -38. What is the remainder when d is divided by 32?
29
Suppose 0 = -r + 46 + 11. Calculate the remainder when r is divided by 20.
17
Let p = -1 + 7. Let z(l) = -l**3 + 8*l**2 - 9*l + 3. Calculate the remainder when z(p) is divided by 11.
10
Suppose -3*y = 2*t - 33, 56 = 4*t - y - 3*y. What is the remainder when t is divided by 8?
7
Suppose -790 = -50*s + 45*s. What is the remainder when s is divided by 32?
30
Suppose 4*j = -16, 0 = -p + 5*p + 4*j - 12. Calculate the remainder when (2/(-4))/(2/(-80)) is divided by p.
6
Let w be 257/5 - 6/15. Suppose 3*c - w = -3*f, 5*f - 2 = c + 53. Suppose 9 + f = 3*d. What is the remainder when 12 is divided by d?
5
Let c = -1 - -10. Let y = 0 + c. Calculate the remainder when 25 is divided by y.
7
Suppose 3*c - 6*c = -162. What is the remainder when c is divided by 8?
6
Let m(o) be the second derivative of -2*o**3/3 + o**2 - o. Let s be m(3). Calculate the remainder when 9 is divided by 189/35 + 4/s.
4
Let w = 48 + -41. Calculate the remainder when 6/(-2)*20/(-3) is divided by w.
6
Let w = 9 + -4. Calculate the remainder when (-2)/5 - (-97)/w is divided by ((-28)/(-6))/(2/3).
5
Suppose 3*f = 3*r - 21, 0*f - f = -3*r + 15. What is the remainder when 17 is divided by r?
1
Let j be ((-16)/20)/((-1)/40). Suppose 3*u - u - j = 0. What is the remainder when 46 is divided by u?
14
Let n(f) = -f + 11. Let z(q) = 3*q - 23. Let x(v) = 5*n(v) + 2*z(v). What is the remainder when x(-6) is divided by 1?
0
Let a(b) = -3*b. Let v be a(-3). Suppose m = v - 1. Suppose -2*c + 10 + 7 = s, -5*s + 71 = -4*c. What is the remainder when s is divided by m?
7
Suppose 2*h - 9 + 1 = 0. Let y = 11 - 9. What is the remainder when y is divided by (h/2)/(-2) - -2?
0
Let k = -13 - -53. What is the remainder when k is divided by 21?
19
Calculate the remainder when 68 is divided by (-3 + -34)/((-1 - -3) + -3).
31
Let p(a) = -a**2 + a + 1. Let x(m) = 2*m**2. Let f(i) = 3*p(i) + x(i). Calculate the remainder when 9 is divided by f(3).
0
Suppose -2*u = 6 - 2. Calculate the remainder when 3 is divided by -3*3/(9/u).
1
Suppose 0 = -5*a - 0*a + 405. Calculate the remainder when a is divided by 21.
18
Let f = 4 - -1. Let r = 4 - -4. What is the remainder when r is divided by f?
3
Suppose -30*j = -33*j + 54. Let p(z) = -z**2 + 20*z - 27. Suppose -2*s = -3*h + 82, -3*h - 3*s = -6*h + 87. Calculate the remainder when h is divided by p(j).
6
Suppose 0 = 3*d - d - 32. Let j = -13 + d. What is the remainder when j is divided by 2?
1
Let n = -4 - 5. Let h = 44 - 31. Let z = n + h. Calculate the remainder when z is divided by 3.
1
Calculate the remainder when 30 is divided by (0 - -17) + (-7)/7.
14
Suppose 0 = u + 5 + 23. Let m be (-3 + 0)*u/12. Suppose 0 = 2*j - m + 3. Calculate the remainder when 5 is divided by j.
1
Let h(c) = -c**3 - c**2 + 2*c + 1. Let z be h(-1). What is the remainder when 35 is divided by ((-1)/z)/((-3)/(-54))?
17
Suppose 6*w + 6 = 4*w. Suppose 25 = k + 4*k. Calculate the remainder when k is divided by w + (-3)/(-6)*10.
1
Let q be (0 - 3)/(2/(-10)). Suppose -x = -4*x - 3*z + 45, x = 2*z + q. Let t(i) = 3*i**2 + 6*i - 1. Calculate the remainder when t(-5) is divided by x.
14
Suppose 0 = 2*r - 6*r + 84. Calculate the remainder when 61 is divided by r.
19
Suppose -3*v - 2*w + 98 = 0, 3*v = v - 5*w + 69. Calculate the remainder when v is divided by 68/16*12/3.
15
Suppose -2*y = -2*z - 68, y + y = -z + 77. Let i(k) = -k**3 - k**2 - k + 13. What is the remainder when y is divided by i(0)?
11
Suppose r - 24 = -4. Suppose 0 = 5*t - 0*t - r. Suppose 0*n - t*n - 4*c + 48 = 0, 5*n - 15 = 4*c. What is the remainder when n is divided by 3?
1
Let k(c) = c**2 + c + 28. Calculate the remainder when -2 - (-5 + 2) - -108 is divided by k(0).
25
Let p(t) = t + 7. Let h be p(11). Let i = 31 - h. Calculate the remainder when i is divided by 8.
5
Let i = -1 + 4. Suppose 0 = 3*t - 20 + 8. What is the remainder when t is divided by i?
1
Let o(t) = 3*t**3 - 3*t**2 + 3*t - 1. Suppose -5*k = -1 - 14. Calculate the remainder when o(k) is divided by 16.
14
Let r(l) = -l**2 - 8*l - 7. Let w be r(-5). Suppose 0*j - w = -4*j. Suppose i - j*i = -23. What is the remainder when i is divided by 12?
11
Suppose 0 = 4*b - b - 3. Let y = b - -3. Suppose -g = 2*o - 1, y*o = g - 24 - 1. Calculate the remainder when 17 is divided by g.
8
Suppose 4*w - 29 = -9. Suppose 3*u + w*o + 1 = 23, 5*u - 54 = -4*o. Let h = 1 + u. What is the remainder when 28 is divided by h?
13
Let f be -3*((-23)/(-3) + -1). Let q = f + 33. Calculate the remainder when q is divided by 7.
6
Let l = 15 + -5. Let z be 10*-1*(-44)/l. Suppose -18 - 2 = 5*n, -4*u + 3*n + z = 0. Calculate the remainder when 15 is divided by u.
7
Let u be 58/2 + (-2)/2. Suppose s - 3*s + 48 = -4*x, 2*s - u = -x. What is the remainder when s is divided by 6?
4
Let i(b) be the second derivative of b**5/20 - b**2/2 - 7*b. Calculate the remainder when i(2) is divided by 5.
2
Suppose 0 = -10*k + 120 + 260. What is the remainder when k is divided by 12?
2
Let u = 363 + -169. Calculate the remainder when u is divided by 13.
12
Let c = 3 + 0. Suppose 0 = -c*i + 51 - 9. Calculate the remainder when 5/(2 - (-60)/(-32)) is divided by i.
12
Suppose -l - 4*l = 3*r - 6, r - 2 = -5*l. Let o(y) = -y + 67. Calculate the remainder when o(l) is divided by 23.
21
Suppose -4*o = -o - 2*k - 26, o + 4*k + 10 = 0. Let v(c) = -9*c - 2. Let m be v(-2). Let l = m - o. What is the remainder when l is divided by 4?
2
Suppose -3*o = -5*o + 236. Suppose -5*u - q + o = 0, 4*u - 3*q - 14 = 3*u. What is the remainder when 67 is divided by u?
21
Let u(f) = 2*f**2 + 5*f - 3. What is the remainder when 17 is divided by u(-4)?
8
Let s = -10 + 33. What is the remainder when 52 is divided by s?
6
Let m(u) = u**2 + 5*u + 9. What is the remainder when m(-6) is divided by -2*(0 + 3)/(-10 - -9)?
3
Let v = -240 - -374. What is the remainder when v is divided by 35?
29
Let o = 131 - 90. What is the remainder when o is divided by 14?
13
Suppose 3*l + 3*s = -0*s + 45, -4*l - 3*s + 61 = 0. Calculate the remainder when l is divided by 5.
1
Suppose -5*x - 19 = -3*v, -2*v + 0*v + 2*x + 14 = 0. Calculate the remainder when 31 is divided by v.
7
What is the remainder when 51 is divided by ((-4)/((-8)/(-9)))/(1/(-4))?
15
Let o = -5 - -6. Suppose -3*i + o = -11. What is the remainder when i is divided by 3?
1
Let m(c) = -c**3 + 9*c**2 + 21. What is the remainder when 186 is divided by m(9)?
18
Let n be -3 - (-2)/(-3)*-3. What is the remainder when 17 is divided by (90/(-5))/(-1 + n)?
8
Suppose 0 = -d + 5. Suppose d*r + 1 - 81 = 0. What is the remainder when r is divided by 6?
4
Suppose f = 16 - 0. Calculate the remainder when 29 is divided by f.
13
Let h = -54 + 63. What is the remainder when 69 is divided by h?
6
Suppose -30 = -2*p - 4*a, -4*p - a = -2*p - 24. What is the remainder when 31 is divided by p?
9
Let z = -8 + 27. Suppose -d = d - 22. Suppose x - 4*v + d = 0, -5*x + 3*v - 1 + 14 = 0. Calculate the remainder when z is divided by x.
4
Suppose 0*h + 7 = 2*c - h, 6 = 2*h. Suppose 0 = 3*m - 5*k - 33, -5*k = m + 3 + 6. What is the remainder when c is divided by (0 - -2)/(4/m)?
2
Let l = -23 + 26. Suppose -l*g = 5*s - 136, 0 = -4*g + 7*s - 4*s + 220. What is the remainder when g is divided by 18?
16
Suppose 0*d + 4*d - w = 248, 0 = d + 4*w - 45. Calculate the remainder when (-12)/(-8) + d/2 is divided by